*p. Suppose 0*u + w*f = u + 19, -u = 2*f - 16. Is u prime?
False
Let u(d) = 2*d - 10. Let r be u(6). Suppose -3 = 3*l + g, -r*g + 9 = 3*l - 5*g. Suppose 2*p - 314 = -l*y + y, 4*p - 628 = -3*y. Is p prime?
True
Suppose 0 = 5*b - h - 178988, 2*b - h - 107394 = -b. Is b prime?
True
Suppose 2*g = 4*g - 28. Let l = 19 - g. Suppose -l*t - 529 = -3234. Is t a prime number?
True
Let y(h) = 96*h + 275. Is y(31) a composite number?
False
Let r = 114 - 99. Is 28002/r - (2/(-5))/2 prime?
True
Suppose 0 = -23*x - 3*x + 271778. Is x composite?
False
Suppose 2*w = 7*w. Let d be -5*(-3 + -2) + w. Let b = d - -121. Is b a composite number?
True
Is 2*2/4*4 + 4774 a prime number?
False
Let p be -146*(-3)/(-18) + 8/(-12). Let j(l) = -21*l + 1. Is j(p) prime?
False
Let d = -287 + 442. Suppose -d = 5*x - 5*t, 0 = 5*x - t - t + 161. Is x/22*388/(-3) a prime number?
False
Suppose r - 3*n - 3 = -n, -r = -3*n. Let l be -4 - 1 - (-10 + r). Is 76/(8/(-4) - l) a composite number?
True
Suppose 10211 - 2602 = 7*j. Is j prime?
True
Let l = -601 + 601. Let b(s) be the second derivative of -s**3/2 + 115*s**2/2 + s. Is b(l) composite?
True
Let j(w) = 4*w - 17. Let r(u) = u**3 + 11*u**2 - u - 6. Let h be (-97)/9 + (-30)/135. Let v be r(h). Is j(v) a prime number?
True
Let j = 136 - -35. Suppose 452 = q - j. Is q prime?
False
Let c(v) = -v**3 + 38*v**2 + 7*v - 63. Is c(38) a composite number?
True
Suppose 2*u + 37673 = c, 3*c - 4*u - 13985 = 99028. Is c prime?
False
Suppose -38414 = -t + b + 3454, 0 = 4*t - 3*b - 167471. Is t a composite number?
True
Let r be (76/57)/((-2)/21). Let q = 27 - 62. Is (-2930)/r + 10/q a prime number?
False
Let g = 606 - 313. Is g a prime number?
True
Let w(z) = z**2 - 1. Let o be w(2). Suppose -r = -o*t + 4*r + 1315, -4*t + 2*r + 1744 = 0. Suppose -t = -5*v + 170. Is v a prime number?
False
Let u(p) = -p. Let d be u(-4). Suppose 5*x - d*m - 7 + 147 = 0, 4*m = -20. Is 1004*4/x*-2 composite?
False
Let y(d) = -3*d**3 - 4*d**2 + 3*d + 3. Let k(i) = -i - 4. Let u(s) = s + 4. Let t(o) = -6*k(o) - 4*u(o). Let w be t(-6). Is y(w) composite?
True
Let h(i) = 634*i + 1. Let q(m) = 2*m**3 - 13*m**2 + 6*m + 1. Let g be q(6). Is h(g) prime?
False
Let s be 136/14 + (-10)/(-35). Suppose 5*l + 0 - s = 0. Suppose 226 = 4*o - l*n, -3*n - 120 = -2*o - 1. Is o a prime number?
False
Let l be 7 + (3 - 2 - 1). Suppose l*y - 22 = 2*y + u, u - 14 = -4*y. Suppose -y*p + 3*g = -496 + 192, 2*p - 3*g = 146. Is p composite?
False
Let y(t) = -t + 8*t - 2 + 1 + 15*t**2 - 6*t. Is y(-3) a composite number?
False
Let s(u) = u**2 + 12*u + 5. Let x be s(-12). Suppose -x*f + v - 5028 = -28584, -5*f + 3*v = -23558. Is f a composite number?
True
Let z(y) = -y**3 - 3*y**2 + 7*y - 9. Let t be z(-5). Suppose 13785 + 2157 = t*w. Is w a composite number?
False
Let k = 1872 + -1219. Is k a composite number?
False
Suppose 12*h - 20*h = -36488. Is h composite?
False
Is -19 + 5 - -7 - -10 - -51076 a prime number?
False
Let m(v) = 168*v + 1. Let z be m(5). Suppose -4*b = 3*o - z, -3*b - 3*o - 2*o + 628 = 0. Is b prime?
True
Let a = 15728 + -9181. Is a prime?
True
Let b(f) be the second derivative of -f**5/20 + 7*f**4/12 - 4*f**3/3 - 4*f**2 + 2*f. Let h be b(5). Is -2 - (-10*249)/h prime?
False
Let w(v) = 157*v - 25. Is w(32) a composite number?
False
Let s(n) = -116*n - 216. Let u(m) = -23*m - 43. Let l(x) = 2*s(x) - 11*u(x). Is l(22) a composite number?
False
Let l = -7661 - -30274. Is l prime?
True
Let s(p) = -3405*p - 33. Let y be s(4). Is 1*(y/(-3) - 4) composite?
False
Suppose -6872 = -4*v - 16*s + 15*s, -4*s + 8601 = 5*v. Is v composite?
True
Let z(h) = -h**2 - 2*h. Let y be z(-2). Let w be (0 - (0 - y)) + -170. Let i = w - -373. Is i prime?
False
Suppose k - 25 = -5*r - 0, -5*r = -3*k - 5. Suppose -k*n + 186 = -59. Is n prime?
False
Is (-27345)/(-10)*8/12 prime?
True
Suppose -5*g = 2*a - 9473, -3*g + a + 6267 = 592. Is g prime?
False
Suppose -r + 296 = -269. Let m = 514 - 772. Let u = r + m. Is u prime?
True
Suppose 0 = -h + 47148 + 16915. Is h a composite number?
False
Let v(c) = -c**2 - 7*c - 6. Let d be v(-6). Suppose d*z + 2*z - 158 = 0. Is z a prime number?
True
Let q(v) be the third derivative of v**5/6 - 7*v**4/24 + 11*v**3/6 + v**2 - 14. Suppose -5*w + 2*w + 18 = 0. Is q(w) prime?
False
Let c(d) = d**3 + 10*d**2 + 11*d + 2. Let s be c(-9). Is 781/3 - s/(-12) prime?
False
Suppose -4*f = -3*h - 2*h - 16463, -20581 = -5*f + 4*h. Is f a prime number?
False
Let r = 518 - -1421. Is r composite?
True
Suppose 2*w - 4*f = 538, 5*w - 4*f + 267 = 1588. Is 4*(-2)/(-4) + w prime?
True
Let d be -2 + (-16)/(-4) + -1 + -1. Suppose d = 7*r - 350 - 84. Is r a prime number?
False
Suppose 2*j - 6 = 2*l, 4*j - 1 = -3*l + 18. Suppose -2*b = -j*b + 164. Is b a composite number?
True
Suppose 2*i - 659818 + 205233 = -3*x, x = i + 151535. Is x a prime number?
True
Let i(n) = -2*n**2 + 10*n + 2. Let t be i(5). Suppose -5*p + t*w = -2*w - 2045, -15 = -3*w. Is p composite?
True
Let x be -6 + 2 + 1 + 3. Suppose -t + 81 + 77 = x. Is t a composite number?
True
Suppose -a = -402 + 113. Let x = 15 + -177. Let o = a + x. Is o a composite number?
False
Suppose 3*k = 0, -13*f + 11*f = -2*k - 4858. Is f a composite number?
True
Suppose 9*p + p = 390. Let m = 38 + -82. Let a = p - m. Is a a prime number?
True
Let g(s) = -6*s**3 + 15*s**2 - 7*s - 15. Is g(-16) composite?
False
Suppose -5*w + k - 20 = 6*k, 3*k = 3. Let m(c) be the first derivative of 22*c**3/3 + c**2 + c - 3. Is m(w) prime?
True
Let h(l) be the second derivative of 74*l**3 - l**2/2 - l. Is h(2) a prime number?
True
Let h(u) be the third derivative of 11*u**6/120 - u**5/60 + u**4/24 + u**3/6 - 10*u**2. Is h(2) a composite number?
True
Let u be (-147)/12 + 2/8. Let t be 3/u + (-52)/(-16). Suppose -4*m - 522 = -2*l, -m = t*l + 3*m - 823. Is l composite?
False
Let f be 6/4 + 1813/2. Suppose 0 = -4*g + 4*i + f, 2*i - 911 = -4*g + 5*i. Is (6 + -4)*g/4 a composite number?
True
Let p = -137731 - -343902. Is p a composite number?
True
Let m be 18/(-4)*(0 - -2438). Let o = 15468 + m. Is o/11 + 42/231 a prime number?
True
Suppose 0 = 24*p - 22*p - 554. Suppose -p = -3*f - 5*k, 5*f - 296 - 143 = 3*k. Is f prime?
True
Let h(l) be the third derivative of 0*l - 4/3*l**3 - 107/24*l**4 + 0 - l**2. Is h(-5) a prime number?
False
Is (-19 - 34617/(-22))*(1 - -1) a prime number?
True
Suppose 43*n - 48*n = -2230. Suppose 0 = -d - 49 + n. Is d a composite number?
False
Suppose 5*g = 2*f - 16, 3*f - g + 2 = -0*g. Is ((-21)/2 - 2)*f prime?
False
Suppose 3*h + 4*v = 10, 4*h - 4*v - 4 = 28. Let g(q) = 2*q**2 - 5*q - 6. Let y be g(h). Is (-154)/(-3)*y/24 prime?
False
Let l(j) = j**2 - 7*j - 18. Let k be l(9). Suppose 4*s + 70 - 818 = k. Is s prime?
False
Is (12/(-9))/(36/(-1400517)) composite?
False
Let g = 40413 + -10672. Is g prime?
True
Let j(i) = 20*i**2 + 23*i + 26. Suppose h - 3*v - 11 = 0, -21 = -3*h - 4*v + 12. Is j(h) composite?
False
Is (1516/6)/2*3 composite?
False
Let t be 3117/(-1*2/2). Is (1 + -3)*t/6 prime?
True
Suppose 3*k - 8*k - 4*s + 424873 = 0, 15 = -5*s. Is k a composite number?
False
Suppose -g + 16445 = -0*g - 3*n, 0 = 4*g + 2*n - 65752. Is g prime?
False
Let x(k) = 21*k**2 - 6*k + 29. Is x(6) prime?
False
Let b(h) = -h**2 + h + 17. Let o be b(-12). Is 4 - o - 0*(-2)/6 a prime number?
False
Suppose -t = 4*t - 15, 0 = 4*w - 3*t - 11. Suppose -580 = -w*l + l. Is l prime?
False
Suppose -23*o - 38593 = -24*o. Is o composite?
False
Suppose -4*i + i + 15 = 0. Suppose -7 = -i*r + 3*a + 28, 3*r = 5*a + 37. Is r/(-10) - (-5832)/30 prime?
False
Is ((-4254)/(-3))/(4/14) prime?
False
Let x = 1034 + -451. Is x composite?
True
Suppose 13*k - 7718 = 7245. Is k a prime number?
True
Suppose -32*c + 11*c + 374766 = 0. Is c composite?
True
Let r be 176/32 - 2/4. Let z(n) = -r + 1 - 26*n - 6 - 5. Is z(-6) a composite number?
True
Let d(i) = -17*i + 2. Suppose 2*c + 7 = -y, 5 = -y + 5*y - 3*c. Is d(y) a prime number?
True
Let r(l) = -2*l**3 - 4*l**2 + 7*l + 16. Let v be r(-4). Is -291*(v/(-12) - -4) composite?
False
Suppose 0 = 4*l + 12, -27115 + 9590 = -4*m - 5*l. Is m a prime number?
False
Suppose 6 = 18*s - 19*s. Is (1 + 1)/6 + (-520)/s a composite number?
True
Suppose -6*v + 18 = 6. Suppose -2*p + 4078 = -v*c, 0*c + 2*c - 8168 = -4*p. Is p prime?
False
Let i be (6/14)/((-7)/(